{"id":659,"date":"2019-02-27T19:48:51","date_gmt":"2019-02-27T18:48:51","guid":{"rendered":"http:\/\/sitsit.net\/traverse\/?page_id=659"},"modified":"2022-10-24T10:47:36","modified_gmt":"2022-10-24T08:47:36","slug":"projet","status":"publish","type":"page","link":"https:\/\/geoproject.fr\/outrechamps\/projet\/","title":{"rendered":"Pr\u00e9sentation"},"content":{"rendered":"\r\n<p><em><span class=\"lettrine\">T<\/span>opologie du surgi et de l'effac\u00e9<\/em> est un projet hybride issu de l'exp\u00e9rience collective (en milieu scolaire et en ateliers d\u2019\u00e9criture) men\u00e9e \u00e0 N\u00eemes depuis 2013 par Catherine Robert. De 2016 \u00e0 2022, cette chronique cartographi\u00e9e, s'inscrivant dans un h\u00e9ritage litt\u00e9raire, scientifique et culturel, s'est \u00e9crite dehors et dedans, tout en minutie et libert\u00e9, au carrefour de l'imaginaire et de la r\u00e9alit\u00e9. Par les textes, les images, les audios ou les vid\u00e9os in\u00e9dits, ont \u00e9t\u00e9 interpr\u00e9t\u00e9s g\u00e9opo\u00e9tiquement paysages, exp\u00e9riences dans leur singularit\u00e9.<\/p>\r\n\r\n\r\n\r\n\r\n\r\n\r\n","protected":false},"excerpt":{"rendered":"<p>Topologie du surgi et de l&rsquo;effac\u00e9 est un projet hybride issu de l&rsquo;exp\u00e9rience collective (en milieu scolaire et en ateliers d\u2019\u00e9criture) men\u00e9e \u00e0 N\u00eemes depuis 2013 par Catherine Robert. De 2016 \u00e0 2022, cette chronique cartographi\u00e9e, s&rsquo;inscrivant dans un h\u00e9ritage litt\u00e9raire, scientifique et culturel, s&rsquo;est \u00e9crite dehors et dedans, tout en minutie et libert\u00e9, au [&hellip;]<\/p>\n","protected":false},"author":2,"featured_media":0,"parent":0,"menu_order":0,"comment_status":"closed","ping_status":"closed","template":"","meta":{"footnotes":""},"class_list":["post-659","page","type-page","status-publish","hentry"],"_links":{"self":[{"href":"https:\/\/geoproject.fr\/outrechamps\/wp-json\/wp\/v2\/pages\/659","targetHints":{"allow":["GET"]}}],"collection":[{"href":"https:\/\/geoproject.fr\/outrechamps\/wp-json\/wp\/v2\/pages"}],"about":[{"href":"https:\/\/geoproject.fr\/outrechamps\/wp-json\/wp\/v2\/types\/page"}],"author":[{"embeddable":true,"href":"https:\/\/geoproject.fr\/outrechamps\/wp-json\/wp\/v2\/users\/2"}],"replies":[{"embeddable":true,"href":"https:\/\/geoproject.fr\/outrechamps\/wp-json\/wp\/v2\/comments?post=659"}],"version-history":[{"count":5,"href":"https:\/\/geoproject.fr\/outrechamps\/wp-json\/wp\/v2\/pages\/659\/revisions"}],"predecessor-version":[{"id":3396,"href":"https:\/\/geoproject.fr\/outrechamps\/wp-json\/wp\/v2\/pages\/659\/revisions\/3396"}],"wp:attachment":[{"href":"https:\/\/geoproject.fr\/outrechamps\/wp-json\/wp\/v2\/media?parent=659"}],"curies":[{"name":"wp","href":"https:\/\/api.w.org\/{rel}","templated":true}]}}